{"id":876,"date":"2014-08-31T20:48:11","date_gmt":"2014-08-31T19:48:11","guid":{"rendered":"http:\/\/summit.snowy.pl\/?page_id=876"},"modified":"2014-08-31T20:48:11","modified_gmt":"2014-08-31T19:48:11","slug":"tatry-2014","status":"publish","type":"page","link":"https:\/\/summit.snowy.pl\/?page_id=876","title":{"rendered":"Tatry 2014"},"content":{"rendered":"<ul class=\"lcp_catlist\" id=\"lcp_instance_0\"><li><a href=\"https:\/\/summit.snowy.pl\/?p=874\">Dolina Chocho\u0142owska<\/a><\/li><li><a href=\"https:\/\/summit.snowy.pl\/?p=947\">Dolina Chocho\u0142owska, Grze\u015b, Rako\u0144, Wo\u0142owiec, Ostry Rohacz<\/a><\/li><li><a href=\"https:\/\/summit.snowy.pl\/?p=956\">Dolina Chocho\u0142owska, Iwaniacka Prze\u0142\u0119cz, Ornak, Siwe Ska\u0142y i Koziczka \ud83d\ude42<\/a><\/li><li><a href=\"https:\/\/summit.snowy.pl\/?p=1006\">Dolina Pi\u0119ciu Staw\u00f3w Polskich<\/a><\/li><li><a href=\"https:\/\/summit.snowy.pl\/?p=1038\">Trasa: Szpiglasowa Prze\u0142\u0119cz, Szpiglasowy Wierch, MOK, \u015awist\u00f3wka, 5-tka<\/a><\/li><li><a href=\"https:\/\/summit.snowy.pl\/?p=985\">Deszcz, Poronin i Turbacz<\/a><\/li><li><a href=\"https:\/\/summit.snowy.pl\/?p=1150\">Kozi Wierch<\/a><\/li><li><a href=\"https:\/\/summit.snowy.pl\/?p=1195\">Roztoka deszczem malowana<\/a><\/li><\/ul>\n","protected":false},"excerpt":{"rendered":"","protected":false},"author":2,"featured_media":0,"parent":0,"menu_order":0,"comment_status":"open","ping_status":"open","template":"","meta":{"ngg_post_thumbnail":0,"footnotes":""},"class_list":["post-876","page","type-page","status-publish","hentry"],"aioseo_notices":[],"_links":{"self":[{"href":"https:\/\/summit.snowy.pl\/index.php?rest_route=\/wp\/v2\/pages\/876","targetHints":{"allow":["GET"]}}],"collection":[{"href":"https:\/\/summit.snowy.pl\/index.php?rest_route=\/wp\/v2\/pages"}],"about":[{"href":"https:\/\/summit.snowy.pl\/index.php?rest_route=\/wp\/v2\/types\/page"}],"author":[{"embeddable":true,"href":"https:\/\/summit.snowy.pl\/index.php?rest_route=\/wp\/v2\/users\/2"}],"replies":[{"embeddable":true,"href":"https:\/\/summit.snowy.pl\/index.php?rest_route=%2Fwp%2Fv2%2Fcomments&post=876"}],"version-history":[{"count":1,"href":"https:\/\/summit.snowy.pl\/index.php?rest_route=\/wp\/v2\/pages\/876\/revisions"}],"predecessor-version":[{"id":879,"href":"https:\/\/summit.snowy.pl\/index.php?rest_route=\/wp\/v2\/pages\/876\/revisions\/879"}],"wp:attachment":[{"href":"https:\/\/summit.snowy.pl\/index.php?rest_route=%2Fwp%2Fv2%2Fmedia&parent=876"}],"curies":[{"name":"wp","href":"https:\/\/api.w.org\/{rel}","templated":true}]}}